{"id":3246,"date":"2025-07-18T13:01:13","date_gmt":"2025-07-18T11:01:13","guid":{"rendered":"https:\/\/www.bruenniger-hauk.de\/home\/?post_type=immobilie&#038;p=3246"},"modified":"2025-11-19T14:15:40","modified_gmt":"2025-11-19T13:15:40","slug":"ew0674","status":[],"type":"immobilie","link":"https:\/\/www.bruenniger-hauk.de\/home\/immobilie\/ew0674\/","title":{"rendered":"EW0674"},"content":{"rendered":"<p><strong><em>Lage:<\/em><\/strong><\/p>\n<p>Die Wohnanlage befindet sich auf einem 1.802 m\u00b2 gro\u00dfen, sch\u00f6n angelegten Gartengrundst\u00fcck in Hanglage am Rande von Lautenthal, einer idyllisch gelegenen Ortschaft im Oberharz. Der Harz mit seinen Talsperren, zahlreichen Wander- und Radwegen und weiteren attraktiven Freizeit-Angeboten liegt direkt vor der Haust\u00fcr. Die Wohnung befindet sich am Ende des Geb\u00e4udes im untersten Geschoss und \u00fcberzeugt daher mit einem stufenlosen Zugang direkt von der privaten Zuwegung sowie zwei zus\u00e4tzlichen Fenstern auf der Giebelseite des Hauses. Von der Wohnungs-Au\u00dfent\u00fcr nur 5 m entfernt liegt der sehr gepflegte Garten zur gemeinschaftlichen Nutzung mit Rasenfreifl\u00e4che und \u00fcppiger, abwechslungsreicher Bepflanzung.<\/p>\n<p>&nbsp;<\/p>\n<p><strong><em>Baujahr:<\/em><\/strong><\/p>\n<p>Das langgestreckte Geb\u00e4ude wurde ca. im Jahr 1973 errichtet und bietet heute Raum f\u00fcr 21 Eigentums-Wohneinheiten auf drei Wohnebenen. Diese Wohnung wurde vor ca. 3 Jahren fast vollst\u00e4ndig \u2013 bis auf das Badezimmer &#8211; renoviert und befindet sich in einem ordentlichen Zustand. In Zusammenarbeit mit der professionellen, externen Hausverwaltung werden durch die Eigent\u00fcmer regelm\u00e4\u00dfig erforderliche Instandhaltungs- und Modernisierungsma\u00dfnahmen am Haus durchgef\u00fchrt. Zuletzt wurden im Jahr 2024 die Wand- und Deckenfl\u00e4chen des Treppenhauses durch eine Malerfachfirma renoviert und die gartenseitige Giebelfassade saniert (inkl. Holzfaser-W\u00e4rmed\u00e4mmung und Schiefer-Verkleidung).<\/p>\n<p>&nbsp;<\/p>\n<p><strong><em>Wohn- \/ Nutzfl\u00e4che (ca.-Angaben):<\/em><\/strong><\/p>\n<p>53 m\u00b2 Wohnfl\u00e4che &#8211; 2 Zimmer \u2013 separate K\u00fcche \u2013 Badezimmer &#8211; Diele<\/p>\n<p>2 separate Abstellr\u00e4ume: auf gleicher Ebene zu den Wohnr\u00e4umen im unteren Geschoss und auf dem Dachboden<\/p>\n<p>Zur gemeinschaftlichen Nutzung: Fahrradkeller, Waschraum mit M\u00fcnzger\u00e4ten, Trockenraum Dachboden<\/p>\n<p>&nbsp;<\/p>\n<p><strong><em>Objektbeschreibung (Wohnung Nr. 1, Erdgeschoss): <\/em><\/strong><\/p>\n<p>Die Besonderheit an dieser Wohnung ist der eigene, ebenerdige Zugang direkt vom am Haus vorbeif\u00fchrenden Privatweg sowie der \u201eHinterausgang\u201c, der \u00fcber den \u201eKellergang\u201c auf kurzem Wege zum privaten Abstellraum (ca. 1 m entfernt) und weiter in das zentrale Treppenhaus f\u00fchrt. Hier befinden sich auf gleicher Ebene wie die Wohnung auch der Fahrradkeller sowie der gemeinschaftliche Waschraum.<\/p>\n<p>Der Wohnungsflur f\u00fchrt vom Vorder- zum Hintereingang und separat in die beiden Wohnr\u00e4ume, beide mit sch\u00f6nem Blick in den Gemeinschaftsgarten sowie in die K\u00fcche und das Badezimmer (innenliegend).<\/p>\n<p>&nbsp;<\/p>\n<p><strong><em>Heizung:<\/em><\/strong><\/p>\n<p>Gas-Zentralheizung (Baujahr ca. 2018)<\/p>\n<p>Wert gem\u00e4\u00df Energieverbrauchsausweis vom 09.08.2023: 63,7 kWh \/ (m\u00b2*a); B<\/p>\n<p>&nbsp;<\/p>\n<p><strong><em>Stellplatz:<\/em><\/strong><\/p>\n<p>Stellpl\u00e4tze stehen auf dem Grundst\u00fcck in begrenzter Anzahl auf einer parallel zur Stra\u00dfe verlaufenden Parkfl\u00e4che zur Verf\u00fcgung.<\/p>\n<p>&nbsp;<\/p>\n<p><strong><em>Monatliche Kosten \/ Hausgeld (ca.-Angaben):<\/em><\/strong><\/p>\n<p>Wirtschaftsplan 2025:<\/p>\n<p>279 \u20ac inkl. Heizung, Wasser \/ Abwasser, Hausreinigung, Gartenarbeiten, Winterdienst, Zuf\u00fchrung Instandhaltungsr\u00fccklage, M\u00fcllentsorgung, etc.; zzgl. Strom nach eigenem Verbrauch, Grundsteuer B<\/p>\n<p>Von den 279 \u20ac Hausgeld sind ca. 86 \u20ac (inkl. ca. 51 \u20ac Instandhaltungsr\u00fccklage) vom Eigent\u00fcmer zu tragen und ca. 193 \u20ac sowie die Grundsteuer B auf einen eventuellen Mieter umlegbar.<\/p>\n<p>&nbsp;<\/p>\n<p><strong><em>Bemerkungen:<\/em><\/strong><\/p>\n<p>Eine sehr h\u00fcbsche Erdgeschosswohnung mit eigenem Eingang und in sehr ruhiger Lage am \u201eEnde\u201c des Hauses. Die Wohnung ist bereits frei, ger\u00e4umt und kann kurzfristig \u00fcbernommen werden.<\/p>\n<p>&nbsp;<\/p>\n<p>&nbsp;<\/p>\n<p style=\"text-align: center;\"><strong><em>Kaufpreis: 43.000 \u20ac VB <\/em><\/strong><\/p>\n<p>&nbsp;<\/p>\n<p>&nbsp;<\/p>\n<p>Nachweis-\/Vermittlungsprovision: netto 3,00 % vom Kaufpreis zzgl. der gesetzlichen MwSt. 19 % = 3,57 % verdient und f\u00e4llig mit Abschluss eines notariellen Kaufvertrags, zahlbar vom K\u00e4ufer. Wir haben einen entgeltpflichtigen Maklervertrag \u00fcber den gleichen Provisionssatz mit dem Verk\u00e4ufer geschlossen.<\/p>\n<p><strong>\u00a0<\/strong><\/p>\n<p>Alle Angaben in unseren Angeboten sind ohne Gew\u00e4hr, basieren ausschlie\u00dflich auf Informationen Dritter und wurden nach bestem Wissen erteilt. Eine Haftung f\u00fcr die Richtigkeit, Vollst\u00e4ndigkeit und Aktualit\u00e4t der Angaben kann daher von uns nicht \u00fcbernommen werden. Alle Immobilienangebote sind freibleibend und vorbehaltlich Irrt\u00fcmer, Zwischenverkauf oder \u2013vermietung oder sonstiger Zwischenverwertung.<\/p>\n<p>&nbsp;<\/p>\n<p>&nbsp;<\/p>\n","protected":false},"excerpt":{"rendered":"<p>Lage: Die Wohnanlage befindet sich auf einem 1.802 m\u00b2 gro\u00dfen, sch\u00f6n angelegten Gartengrundst\u00fcck in Hanglage am Rande von Lautenthal, einer idyllisch gelegenen Ortschaft im Oberharz. Der Harz mit seinen Talsperren, zahlreichen Wander- und Radwegen und weiteren attraktiven Freizeit-Angeboten liegt direkt vor der Haust\u00fcr. Die Wohnung befindet sich am Ende des Geb\u00e4udes im untersten Geschoss und [&hellip;]<\/p>\n","protected":false},"featured_media":3247,"parent":0,"menu_order":0,"template":"","meta":[],"categories":[35],"tags":[],"angebot":[],"objektarten":[24,8],"ort":[63],"vermarktungsart":[18],"class_list":["post-3246","immobilie","type-immobilie","status-publish","has-post-thumbnail","hentry","category-langelsheim-und-ortsteile","objektarten-2-zimmer-wohnung","objektarten-eigentumswohnung","ort-38685_langelsheim_lautenthal","has-post-title","has-post-date","has-post-category","has-post-tag","has-post-comment","has-post-author",""],"ptb_metabox":{"ptb_immobilie__ueberschrift":"Idyllisch gelegene Erdgeschoss-Wohnung","ptb_immobilie_text_3":"2 Zimmer am Rande der Natur","ptb_immobilie_preis":"43.000 \u20ac VB","ptb_immobilie_bild_1":["3247","https:\/\/www.bruenniger-hauk.de\/home\/wp-content\/uploads\/2025\/07\/IMG_3875-Mittel.jpg"],"ptb_immobilie_bild_2":["3248","https:\/\/www.bruenniger-hauk.de\/home\/wp-content\/uploads\/2025\/07\/IMG_3928-Mittel.jpg"],"ptb_immobilie_gallerie":{"url":["https:\/\/www.bruenniger-hauk.de\/home\/wp-content\/uploads\/2025\/07\/IMG_3875-Mittel.jpg","https:\/\/www.bruenniger-hauk.de\/home\/wp-content\/uploads\/2025\/07\/IMG_3928-Mittel.jpg","https:\/\/www.bruenniger-hauk.de\/home\/wp-content\/uploads\/2025\/07\/IMG_3852-Mittel.jpg","https:\/\/www.bruenniger-hauk.de\/home\/wp-content\/uploads\/2025\/07\/IMG_3802-Mittel.jpg","https:\/\/www.bruenniger-hauk.de\/home\/wp-content\/uploads\/2025\/07\/IMG_3806-Mittel.jpg","https:\/\/www.bruenniger-hauk.de\/home\/wp-content\/uploads\/2025\/07\/IMG_3903-Mittel.jpg","https:\/\/www.bruenniger-hauk.de\/home\/wp-content\/uploads\/2025\/07\/IMG_3828-Mittel.jpg","https:\/\/www.bruenniger-hauk.de\/home\/wp-content\/uploads\/2025\/07\/IMG_3923-Mittel.jpg","https:\/\/www.bruenniger-hauk.de\/home\/wp-content\/uploads\/2025\/07\/IMG_3848-Mittel.jpg","https:\/\/www.bruenniger-hauk.de\/home\/wp-content\/uploads\/2025\/07\/IMG_3843-Mittel.jpg","https:\/\/www.bruenniger-hauk.de\/home\/wp-content\/uploads\/2025\/07\/IMG_3914-Mittel.jpg","https:\/\/www.bruenniger-hauk.de\/home\/wp-content\/uploads\/2025\/07\/IMG_3865-Mittel.jpg","https:\/\/www.bruenniger-hauk.de\/home\/wp-content\/uploads\/2025\/07\/IMG_3878-Mittel.jpg","https:\/\/www.bruenniger-hauk.de\/home\/wp-content\/uploads\/2025\/07\/IMG_3891-Mittel.jpg","https:\/\/www.bruenniger-hauk.de\/home\/wp-content\/uploads\/2025\/07\/Grundriss-Expose.jpg"],"link":["","","","","","","","","","","","","","",""],"title":["IMG_3875 (Mittel)","IMG_3928 (Mittel)","IMG_3852 (Mittel)","IMG_3802 (Mittel)","IMG_3806 (Mittel)","IMG_3903 (Mittel)","IMG_3828 (Mittel)","IMG_3923 (Mittel)","IMG_3848 (Mittel)","IMG_3843 (Mittel)","IMG_3914 (Mittel)","IMG_3865 (Mittel)","IMG_3878 (Mittel)","IMG_3891 (Mittel)","Grundriss Expos\u00e9"],"description":["","","","","","","","","","","","","","",""]},"ptb_immobilie_pdf":{"url":["https:\/\/www.bruenniger-hauk.de\/home\/wp-content\/uploads\/2025\/07\/EW0674-Langelsheim-Lautenthal.pdf"],"title":["EW0674 Langelsheim-Lautenthal"]}},"ptb_taxonomy":{"category":[{"term_id":35,"name":"Langelsheim und Ortsteile","slug":"langelsheim-und-ortsteile","term_group":0,"term_taxonomy_id":35,"taxonomy":"category","description":"","parent":0,"count":7,"filter":"raw"}],"objektarten":[{"term_id":24,"name":"2-Zimmer Wohnung","slug":"2-zimmer-wohnung","term_group":0,"term_taxonomy_id":24,"taxonomy":"objektarten","description":"","parent":8,"count":1,"filter":"raw"},{"term_id":8,"name":"Eigentumswohnung","slug":"eigentumswohnung","term_group":0,"term_taxonomy_id":8,"taxonomy":"objektarten","description":"","parent":0,"count":9,"filter":"raw"}],"ort":[{"term_id":63,"name":"38685 Langelsheim - Lautenthal","slug":"38685_langelsheim_lautenthal","term_group":0,"term_taxonomy_id":63,"taxonomy":"ort","description":"","parent":0,"count":2,"filter":"raw"}],"vermarktungsart":[{"term_id":18,"name":"Verkauf","slug":"verkauf","term_group":0,"term_taxonomy_id":18,"taxonomy":"vermarktungsart","description":"","parent":0,"count":25,"filter":"raw"}]},"ptb_featured_image":{"url":"https:\/\/www.bruenniger-hauk.de\/home\/wp-content\/uploads\/2025\/07\/IMG_3875-Mittel.jpg","title":"IMG_3875 (Mittel)","caption":""},"_links":{"self":[{"href":"https:\/\/www.bruenniger-hauk.de\/home\/wp-json\/wp\/v2\/immobilie\/3246","targetHints":{"allow":["GET"]}}],"collection":[{"href":"https:\/\/www.bruenniger-hauk.de\/home\/wp-json\/wp\/v2\/immobilie"}],"about":[{"href":"https:\/\/www.bruenniger-hauk.de\/home\/wp-json\/wp\/v2\/types\/immobilie"}],"wp:featuredmedia":[{"embeddable":true,"href":"https:\/\/www.bruenniger-hauk.de\/home\/wp-json\/wp\/v2\/media\/3247"}],"wp:attachment":[{"href":"https:\/\/www.bruenniger-hauk.de\/home\/wp-json\/wp\/v2\/media?parent=3246"}],"wp:term":[{"taxonomy":"category","embeddable":true,"href":"https:\/\/www.bruenniger-hauk.de\/home\/wp-json\/wp\/v2\/categories?post=3246"},{"taxonomy":"post_tag","embeddable":true,"href":"https:\/\/www.bruenniger-hauk.de\/home\/wp-json\/wp\/v2\/tags?post=3246"},{"taxonomy":"angebot","embeddable":true,"href":"https:\/\/www.bruenniger-hauk.de\/home\/wp-json\/wp\/v2\/angebot?post=3246"},{"taxonomy":"objektarten","embeddable":true,"href":"https:\/\/www.bruenniger-hauk.de\/home\/wp-json\/wp\/v2\/objektarten?post=3246"},{"taxonomy":"ort","embeddable":true,"href":"https:\/\/www.bruenniger-hauk.de\/home\/wp-json\/wp\/v2\/ort?post=3246"},{"taxonomy":"status","embeddable":true,"href":"https:\/\/www.bruenniger-hauk.de\/home\/wp-json\/wp\/v2\/status?post=3246"},{"taxonomy":"vermarktungsart","embeddable":true,"href":"https:\/\/www.bruenniger-hauk.de\/home\/wp-json\/wp\/v2\/vermarktungsart?post=3246"}],"curies":[{"name":"wp","href":"https:\/\/api.w.org\/{rel}","templated":true}]}}

<p><strong><em>Lage:</em></strong></p>
<p>Die Wohnanlage befindet sich auf einem 1.802 m² großen, schön angelegten Gartengrundstück in Hanglage am Rande von Lautenthal, einer idyllisch gelegenen Ortschaft im Oberharz. Der Harz mit seinen Talsperren, zahlreichen Wander- und Radwegen und weiteren attraktiven Freizeit-Angeboten liegt direkt vor der Haustür. Die Wohnung befindet sich am Ende des Gebäudes im untersten Geschoss und überzeugt daher mit einem stufenlosen Zugang direkt von der privaten Zuwegung sowie zwei zusätzlichen Fenstern auf der Giebelseite des Hauses. Von der Wohnungs-Außentür nur 5 m entfernt liegt der sehr gepflegte Garten zur gemeinschaftlichen Nutzung mit Rasenfreifläche und üppiger, abwechslungsreicher Bepflanzung.</p>
<p>&nbsp;</p>
<p><strong><em>Baujahr:</em></strong></p>
<p>Das langgestreckte Gebäude wurde ca. im Jahr 1973 errichtet und bietet heute Raum für 21 Eigentums-Wohneinheiten auf drei Wohnebenen. Diese Wohnung wurde vor ca. 3 Jahren fast vollständig – bis auf das Badezimmer &#8211; renoviert und befindet sich in einem ordentlichen Zustand. In Zusammenarbeit mit der professionellen, externen Hausverwaltung werden durch die Eigentümer regelmäßig erforderliche Instandhaltungs- und Modernisierungsmaßnahmen am Haus durchgeführt. Zuletzt wurden im Jahr 2024 die Wand- und Deckenflächen des Treppenhauses durch eine Malerfachfirma renoviert und die gartenseitige Giebelfassade saniert (inkl. Holzfaser-Wärmedämmung und Schiefer-Verkleidung).</p>
<p>&nbsp;</p>
<p><strong><em>Wohn- / Nutzfläche (ca.-Angaben):</em></strong></p>
<p>53 m² Wohnfläche &#8211; 2 Zimmer – separate Küche – Badezimmer &#8211; Diele</p>
<p>2 separate Abstellräume: auf gleicher Ebene zu den Wohnräumen im unteren Geschoss und auf dem Dachboden</p>
<p>Zur gemeinschaftlichen Nutzung: Fahrradkeller, Waschraum mit Münzgeräten, Trockenraum Dachboden</p>
<p>&nbsp;</p>
<p><strong><em>Objektbeschreibung (Wohnung Nr. 1, Erdgeschoss): </em></strong></p>
<p>Die Besonderheit an dieser Wohnung ist der eigene, ebenerdige Zugang direkt vom am Haus vorbeiführenden Privatweg sowie der „Hinterausgang“, der über den „Kellergang“ auf kurzem Wege zum privaten Abstellraum (ca. 1 m entfernt) und weiter in das zentrale Treppenhaus führt. Hier befinden sich auf gleicher Ebene wie die Wohnung auch der Fahrradkeller sowie der gemeinschaftliche Waschraum.</p>
<p>Der Wohnungsflur führt vom Vorder- zum Hintereingang und separat in die beiden Wohnräume, beide mit schönem Blick in den Gemeinschaftsgarten sowie in die Küche und das Badezimmer (innenliegend).</p>
<p>&nbsp;</p>
<p><strong><em>Heizung:</em></strong></p>
<p>Gas-Zentralheizung (Baujahr ca. 2018)</p>
<p>Wert gemäß Energieverbrauchsausweis vom 09.08.2023: 63,7 kWh / (m²*a); B</p>
<p>&nbsp;</p>
<p><strong><em>Stellplatz:</em></strong></p>
<p>Stellplätze stehen auf dem Grundstück in begrenzter Anzahl auf einer parallel zur Straße verlaufenden Parkfläche zur Verfügung.</p>
<p>&nbsp;</p>
<p><strong><em>Monatliche Kosten / Hausgeld (ca.-Angaben):</em></strong></p>
<p>Wirtschaftsplan 2025:</p>
<p>279 € inkl. Heizung, Wasser / Abwasser, Hausreinigung, Gartenarbeiten, Winterdienst, Zuführung Instandhaltungsrücklage, Müllentsorgung, etc.; zzgl. Strom nach eigenem Verbrauch, Grundsteuer B</p>
<p>Von den 279 € Hausgeld sind ca. 86 € (inkl. ca. 51 € Instandhaltungsrücklage) vom Eigentümer zu tragen und ca. 193 € sowie die Grundsteuer B auf einen eventuellen Mieter umlegbar.</p>
<p>&nbsp;</p>
<p><strong><em>Bemerkungen:</em></strong></p>
<p>Eine sehr hübsche Erdgeschosswohnung mit eigenem Eingang und in sehr ruhiger Lage am „Ende“ des Hauses. Die Wohnung ist bereits frei, geräumt und kann kurzfristig übernommen werden.</p>
<p>&nbsp;</p>
<p>&nbsp;</p>
<p style="text-align: center;"><strong><em>Kaufpreis: 43.000 € VB </em></strong></p>
<p>&nbsp;</p>
<p>&nbsp;</p>
<p>Nachweis-/Vermittlungsprovision: netto 3,00 % vom Kaufpreis zzgl. der gesetzlichen MwSt. 19 % = 3,57 % verdient und fällig mit Abschluss eines notariellen Kaufvertrags, zahlbar vom Käufer. Wir haben einen entgeltpflichtigen Maklervertrag über den gleichen Provisionssatz mit dem Verkäufer geschlossen.</p>
<p><strong> </strong></p>
<p>Alle Angaben in unseren Angeboten sind ohne Gewähr, basieren ausschließlich auf Informationen Dritter und wurden nach bestem Wissen erteilt. Eine Haftung für die Richtigkeit, Vollständigkeit und Aktualität der Angaben kann daher von uns nicht übernommen werden. Alle Immobilienangebote sind freibleibend und vorbehaltlich Irrtümer, Zwischenverkauf oder –vermietung oder sonstiger Zwischenverwertung.</p>
<p>&nbsp;</p>
<p>&nbsp;</p>

<p>Lage: Die Wohnanlage befindet sich auf einem 1.802 m² großen, schön angelegten Gartengrundstück in Hanglage am Rande von Lautenthal, einer idyllisch gelegenen Ortschaft im Oberharz. Der Harz mit seinen Talsperren, zahlreichen Wander- und Radwegen und weiteren attraktiven Freizeit-Angeboten liegt direkt vor der Haustür. Die Wohnung befindet sich am Ende des Gebäudes im untersten Geschoss und [&hellip;]</p>

Grundriss Exposé
