{"id":3725,"date":"2025-12-10T11:25:38","date_gmt":"2025-12-10T10:25:38","guid":{"rendered":"https:\/\/www.bruenniger-hauk.de\/home\/?post_type=immobilie&#038;p=3725"},"modified":"2026-03-03T13:02:59","modified_gmt":"2026-03-03T12:02:59","slug":"ew0677","status":[],"type":"immobilie","link":"https:\/\/www.bruenniger-hauk.de\/home\/immobilie\/ew0677\/","title":{"rendered":"EW0677"},"content":{"rendered":"<p><strong><em>Lage:<\/em><\/strong><\/p>\n<p>In bevorzugter, stadtnaher Wohnlage am Steinberg \u201ethront\u201c das imposante, ansprechend modernisierte Fachwerk-Geb\u00e4ude oberhalb der vorbeif\u00fchrenden Anwohnerstra\u00dfe und bietet bereits vom Erdgeschoss und aus den G\u00e4rten sch\u00f6ne Ausblicke \u00fcber die Stadt. In fu\u00dfl\u00e4ufiger Entfernung liegen die lebendige Altstadt mit zahlreichen Einkaufsm\u00f6glichkeiten, kulinarischen und kulturellen Angeboten, der Bahnhof, die Natur des Steinbergs \u2013 kurz: eine Umgebung zum Wohlf\u00fchlen.<\/p>\n<p>&nbsp;<\/p>\n<p><strong><em>Baujahr:<\/em><\/strong><\/p>\n<p>Das gro\u00dfz\u00fcgige Wohnhaus wurde ca. im Jahr 1910 in klassischer Fachwerkbauweise errichtet, im Jahr 1997 grundlegend saniert, teilweise zur\u00fcck- und umgebaut (z.B. Freilegung der Original-Stuckdecken) und in Eigentumswohnungen aufgeteilt. Nach einer umfangreichen Sanierung der stattlichen Fachwerk-Fassade im Jahr 2022 pr\u00e4sentiert sich das ansprechende Geb\u00e4ude optisch und technisch von seiner besten Seite und bietet heute Raum f\u00fcr 8 sehr individuelle Wohneinheiten. Die kleine Eigent\u00fcmergemeinschaft legt im eigenen Interesse viel Wert auf regelm\u00e4\u00dfige Instandhaltungsma\u00dfnahmen, um auch langfristig ein angenehmes Wohngef\u00fchl zu gew\u00e4hrleisten. Die hier angebotene Wohnung im Erdgeschoss befindet sich in einem gepflegten Zustand und zeichnet sich aus durch einen vollkommen separaten Eingangsbereich und einem nahezu barrierefreien Zugang. Der private, ausschlie\u00dflich dieser Wohnung zugeordnete Gartenbereich liegt direkt vor der eigenen Wohnungst\u00fcr und bietet insbesondere in der warmen Jahreszeit viele Annehmlichkeiten.<\/p>\n<p>&nbsp;<\/p>\n<p><strong><em>Wohn- \/ Nutzfl\u00e4che (ca.-Angaben):<\/em><\/strong><\/p>\n<p>Ca. 118 m\u00b2 Wohnfl\u00e4che \u2013 4 Zimmer \u2013 K\u00fcche \u2013 Tageslicht-Badezimmer \u2013 G\u00e4ste-Bad \u2013 Eingangsdiele \u2013 2 Flure; zuz\u00fcglich \u00fcberdachter Freisitz am Eingangsbereich ca. 12 m\u00b2, privater Garten ca. 170 m\u00b2, Kellerraum ca. 8,85 m\u00b2<\/p>\n<p>&nbsp;<\/p>\n<p><strong><em>Objektbeschreibung (Wohnung Nr. 1, Erdgeschoss): <\/em><\/strong><\/p>\n<p>Der Weg zu dieser Wohnung f\u00fchrt bequem \u00fcber einen gepflasterten Weg mit vier Steinstufen vorbei am kleinen Vorgarten, der sich auf der S\u00fcdseite des Hauses erstreckt. Ein sehr gem\u00fctlicher, \u00fcberdachter Sitzbereich, der aufgrund einer rustikalen Steinmauer beinahe einen \u201eBurgcharakter\u201c aufweist, sch\u00fctzt den privaten Wohnungseingang vor Witterungseinfl\u00fcssen. Sowohl der Vorgarten (ca. 70 m\u00b2) als auch der gr\u00f6\u00dfere Au\u00dfenbereich (ca. 100 m\u00b2) hinter dem Geb\u00e4ude ist dieser Wohnung zur alleinigen Nutzung zugeordnet.<\/p>\n<p>Eine ger\u00e4umige, auf drei Seiten mit Fenstern versehene Eingangsdiele ist dem angrenzenden, gut 30 m\u00b2 gro\u00dfen Wohnraum vorgelagert. Von hier \u00fcber einen Zwischenflur sind das ebenfalls sehr gro\u00dfe Schlafzimmer mit Stuckelementen an der Decke, das innenliegende G\u00e4ste-Bad mit Dusche sowie die K\u00fcche separat begehbar. Die K\u00fcche ist mit einer Einbauk\u00fcche ausgestattet und verf\u00fcgt ganz wunderbar \u00fcber einen direkten Ausgang in den eigenen, r\u00fcckseitigen Garten. Ein zweiter Flur verbindet die beiden kleineren Wohnr\u00e4ume sowie das Tageslichtbadezimmer mit den anderen R\u00e4umlichkeiten.<\/p>\n<p>&nbsp;<\/p>\n<p><strong><em>Heizung:<\/em><\/strong><\/p>\n<p>Gas-Zentralheizung mit Warmwasser, Baujahr ca. 2007, Warmwasser-Speicher ca. 2019<\/p>\n<p>Wert gem\u00e4\u00df Energieverbrauchsausweis vom 26.08.2019: 114 kWh \/ (m\u00b2*a); D<\/p>\n<p>&nbsp;<\/p>\n<p><strong><em>Stellplatz:<\/em><\/strong><\/p>\n<p>Auf einem \u00f6ffentlichen Parkplatz seitlich des Grundst\u00fccks findet sich in der Regel ein Parkplatz f\u00fcr die Bewohner des Hauses.<\/p>\n<p>&nbsp;<\/p>\n<p><strong><em>Monatliche Kosten \/ Hausgeld (ca.-Angaben):<\/em><\/strong><\/p>\n<p>525 \u20ac (Wirtschaftsplan 2025) inkl. Heizung, Wasser \/ Abwasser, Hausmeister, M\u00fcllabfuhr, Instandhaltungsr\u00fccklage, etc.; zzgl. Strom nach eigenem Verbrauch, Grundsteuer B ca. 25,50 \u20ac (Stand 2025)<\/p>\n<p>Von den 525 \u20ac Hausgeld sind ca. 169 \u20ac (inkl. ca. 116 \u20ac Instandhaltungsr\u00fccklage) vom Eigent\u00fcmer zu tragen und ca. 356 \u20ac sowie die Grundsteuer B auf einen eventuellen Mieter umlegbar.<\/p>\n<p>&nbsp;<\/p>\n<p><strong><em>Bemerkungen:<\/em><\/strong><\/p>\n<p>Eine Wohnung wie diese ist eine seltene Gelegenheit: vier Wohnr\u00e4ume, zwei B\u00e4der, ein fast ebenerdiger, separater Eingang, mit einem privaten Garten gesegnet, in sehr begehrter stadt- und naturnaher Lage! Sehr gern zeigen wir Ihnen diese besondere Immobilie pers\u00f6nlich bei einem unverbindlichen Termin nach Absprache.<\/p>\n<p>&nbsp;<\/p>\n<p>&nbsp;<\/p>\n<p style=\"text-align: center;\"><strong><em>Kaufpreis: 339.000 \u20ac VB <\/em><\/strong><\/p>\n<p>&nbsp;<\/p>\n<p>&nbsp;<\/p>\n<p>Nachweis-\/Vermittlungsprovision: netto 3,00 % vom Kaufpreis zzgl. der gesetzlichen MwSt. 19 % = 3,57 % verdient und f\u00e4llig mit Abschluss eines notariellen Kaufvertrags, zahlbar vom K\u00e4ufer. Wir haben einen entgeltpflichtigen Maklervertrag \u00fcber den gleichen Provisionssatz mit dem Verk\u00e4ufer geschlossen.<\/p>\n<p>&nbsp;<\/p>\n<p>Alle Angaben in unseren Angeboten sind ohne Gew\u00e4hr, basieren ausschlie\u00dflich auf Informationen Dritter und wurden nach bestem Wissen erteilt. Eine Haftung f\u00fcr die Richtigkeit, Vollst\u00e4ndigkeit und Aktualit\u00e4t der Angaben kann daher von uns nicht \u00fcbernommen werden. Alle Immobilienangebote sind freibleibend und vorbehaltlich Irrt\u00fcmer, Zwischenverkauf oder \u2013vermietung oder sonstiger Zwischenverwertung.<\/p>\n<p>&nbsp;<\/p>\n<p>&nbsp;<\/p>\n<p>&nbsp;<\/p>\n","protected":false},"excerpt":{"rendered":"<p>Lage: In bevorzugter, stadtnaher Wohnlage am Steinberg \u201ethront\u201c das imposante, ansprechend modernisierte Fachwerk-Geb\u00e4ude oberhalb der vorbeif\u00fchrenden Anwohnerstra\u00dfe und bietet bereits vom Erdgeschoss und aus den G\u00e4rten sch\u00f6ne Ausblicke \u00fcber die Stadt. In fu\u00dfl\u00e4ufiger Entfernung liegen die lebendige Altstadt mit zahlreichen Einkaufsm\u00f6glichkeiten, kulinarischen und kulturellen Angeboten, der Bahnhof, die Natur des Steinbergs \u2013 kurz: eine Umgebung [&hellip;]<\/p>\n","protected":false},"featured_media":3829,"parent":0,"menu_order":0,"template":"","meta":[],"categories":[32],"tags":[],"angebot":[],"objektarten":[25,8],"ort":[43],"vermarktungsart":[18],"class_list":["post-3725","immobilie","type-immobilie","status-publish","has-post-thumbnail","hentry","category-goslar-und-stadtteile","objektarten-3-zimmer-wohnung-und-mehr","objektarten-eigentumswohnung","ort-38640_goslar_steinberg","has-post-title","has-post-date","has-post-category","has-post-tag","has-post-comment","has-post-author",""],"ptb_metabox":{"ptb_immobilie__ueberschrift":"Traumhafte Erdgeschoss-Wohnung mit privatem Garten","ptb_immobilie_text_3":"4 Zimmer auf einer Ebene in bester Lage","ptb_immobilie_preis":"339.000 \u20ac VB","ptb_immobilie_bild_1":["3829","https:\/\/www.bruenniger-hauk.de\/home\/wp-content\/uploads\/2025\/12\/IMG_0721-Mittel.jpg"],"ptb_immobilie_bild_2":["3830","https:\/\/www.bruenniger-hauk.de\/home\/wp-content\/uploads\/2025\/12\/IMG_0745-Mittel.jpg"],"ptb_immobilie_gallerie":{"url":["https:\/\/www.bruenniger-hauk.de\/home\/wp-content\/uploads\/2025\/12\/IMG_0721-Mittel.jpg","https:\/\/www.bruenniger-hauk.de\/home\/wp-content\/uploads\/2025\/12\/IMG_0745-Mittel.jpg","https:\/\/www.bruenniger-hauk.de\/home\/wp-content\/uploads\/2025\/12\/IMG_0380-Mittel.jpg","https:\/\/www.bruenniger-hauk.de\/home\/wp-content\/uploads\/2025\/12\/IMG_0339-Mittel.jpg","https:\/\/www.bruenniger-hauk.de\/home\/wp-content\/uploads\/2025\/12\/IMG_0342-Mittel.jpg","https:\/\/www.bruenniger-hauk.de\/home\/wp-content\/uploads\/2025\/12\/IMG_0349-Mittel.jpg","https:\/\/www.bruenniger-hauk.de\/home\/wp-content\/uploads\/2025\/12\/IMG_0363-Mittel.jpg","https:\/\/www.bruenniger-hauk.de\/home\/wp-content\/uploads\/2025\/12\/IMG_0398-Mittel.jpg","https:\/\/www.bruenniger-hauk.de\/home\/wp-content\/uploads\/2025\/12\/IMG_0355-Mittel.jpg","https:\/\/www.bruenniger-hauk.de\/home\/wp-content\/uploads\/2025\/12\/IMG_0367-Mittel.jpg","https:\/\/www.bruenniger-hauk.de\/home\/wp-content\/uploads\/2025\/12\/IMG_2287-Mittel.jpg","https:\/\/www.bruenniger-hauk.de\/home\/wp-content\/uploads\/2025\/12\/IMG_0311-Mittel.jpg","https:\/\/www.bruenniger-hauk.de\/home\/wp-content\/uploads\/2025\/12\/IMG_0332-Mittel.jpg","https:\/\/www.bruenniger-hauk.de\/home\/wp-content\/uploads\/2025\/12\/IMG_0315-Mittel.jpg","https:\/\/www.bruenniger-hauk.de\/home\/wp-content\/uploads\/2025\/12\/IMG_2304-Mittel.jpg","https:\/\/www.bruenniger-hauk.de\/home\/wp-content\/uploads\/2025\/12\/IMG_2342-Mittel.jpg","https:\/\/www.bruenniger-hauk.de\/home\/wp-content\/uploads\/2025\/12\/IMG_0324-Mittel.jpg","https:\/\/www.bruenniger-hauk.de\/home\/wp-content\/uploads\/2025\/12\/IMG_0406-Mittel.jpg","https:\/\/www.bruenniger-hauk.de\/home\/wp-content\/uploads\/2025\/12\/Grundriss-WE-1-Expose-scaled.jpg"],"link":["","","","","","","","","","","","","","","","","","",""],"title":["IMG_0721 (Mittel)","IMG_0745 (Mittel)","IMG_0380 (Mittel)","IMG_0339 (Mittel)","IMG_0342 (Mittel)","IMG_0349 (Mittel)","IMG_0363 (Mittel)","IMG_0398 (Mittel)","IMG_0355 (Mittel)","IMG_0367 (Mittel)","IMG_2287 (Mittel)","IMG_0311 (Mittel)","IMG_0332 (Mittel)","IMG_0315 (Mittel)","IMG_2304 (Mittel)","IMG_2342 (Mittel)","IMG_0324 (Mittel)","IMG_0406 (Mittel)","Grundriss WE 1 Expos\u00e9"],"description":["","","","","","","","","","","","","","","","","","",""]},"ptb_immobilie_pdf":{"url":["https:\/\/www.bruenniger-hauk.de\/home\/wp-content\/uploads\/2025\/12\/EW0677-Goslar-Steinberg.pdf"],"title":["EW0677 Goslar-Steinberg"]}},"ptb_taxonomy":{"category":[{"term_id":32,"name":"Goslar, Stadt- und Ortsteile","slug":"goslar-und-stadtteile","term_group":0,"term_taxonomy_id":32,"taxonomy":"category","description":"","parent":0,"count":25,"filter":"raw"}],"objektarten":[{"term_id":25,"name":"3-Zimmer Wohnung und mehr","slug":"3-zimmer-wohnung-und-mehr","term_group":0,"term_taxonomy_id":25,"taxonomy":"objektarten","description":"","parent":8,"count":8,"filter":"raw"},{"term_id":8,"name":"Eigentumswohnung","slug":"eigentumswohnung","term_group":0,"term_taxonomy_id":8,"taxonomy":"objektarten","description":"","parent":0,"count":9,"filter":"raw"}],"ort":[{"term_id":43,"name":"38640 Goslar - Steinberg","slug":"38640_goslar_steinberg","term_group":0,"term_taxonomy_id":43,"taxonomy":"ort","description":"","parent":0,"count":3,"filter":"raw"}],"vermarktungsart":[{"term_id":18,"name":"Verkauf","slug":"verkauf","term_group":0,"term_taxonomy_id":18,"taxonomy":"vermarktungsart","description":"","parent":0,"count":25,"filter":"raw"}]},"ptb_featured_image":{"url":"https:\/\/www.bruenniger-hauk.de\/home\/wp-content\/uploads\/2025\/12\/IMG_0721-Mittel.jpg","title":"IMG_0721 (Mittel)","caption":""},"_links":{"self":[{"href":"https:\/\/www.bruenniger-hauk.de\/home\/wp-json\/wp\/v2\/immobilie\/3725","targetHints":{"allow":["GET"]}}],"collection":[{"href":"https:\/\/www.bruenniger-hauk.de\/home\/wp-json\/wp\/v2\/immobilie"}],"about":[{"href":"https:\/\/www.bruenniger-hauk.de\/home\/wp-json\/wp\/v2\/types\/immobilie"}],"wp:featuredmedia":[{"embeddable":true,"href":"https:\/\/www.bruenniger-hauk.de\/home\/wp-json\/wp\/v2\/media\/3829"}],"wp:attachment":[{"href":"https:\/\/www.bruenniger-hauk.de\/home\/wp-json\/wp\/v2\/media?parent=3725"}],"wp:term":[{"taxonomy":"category","embeddable":true,"href":"https:\/\/www.bruenniger-hauk.de\/home\/wp-json\/wp\/v2\/categories?post=3725"},{"taxonomy":"post_tag","embeddable":true,"href":"https:\/\/www.bruenniger-hauk.de\/home\/wp-json\/wp\/v2\/tags?post=3725"},{"taxonomy":"angebot","embeddable":true,"href":"https:\/\/www.bruenniger-hauk.de\/home\/wp-json\/wp\/v2\/angebot?post=3725"},{"taxonomy":"objektarten","embeddable":true,"href":"https:\/\/www.bruenniger-hauk.de\/home\/wp-json\/wp\/v2\/objektarten?post=3725"},{"taxonomy":"ort","embeddable":true,"href":"https:\/\/www.bruenniger-hauk.de\/home\/wp-json\/wp\/v2\/ort?post=3725"},{"taxonomy":"status","embeddable":true,"href":"https:\/\/www.bruenniger-hauk.de\/home\/wp-json\/wp\/v2\/status?post=3725"},{"taxonomy":"vermarktungsart","embeddable":true,"href":"https:\/\/www.bruenniger-hauk.de\/home\/wp-json\/wp\/v2\/vermarktungsart?post=3725"}],"curies":[{"name":"wp","href":"https:\/\/api.w.org\/{rel}","templated":true}]}}

<p><strong><em>Lage:</em></strong></p>
<p>In bevorzugter, stadtnaher Wohnlage am Steinberg „thront“ das imposante, ansprechend modernisierte Fachwerk-Gebäude oberhalb der vorbeiführenden Anwohnerstraße und bietet bereits vom Erdgeschoss und aus den Gärten schöne Ausblicke über die Stadt. In fußläufiger Entfernung liegen die lebendige Altstadt mit zahlreichen Einkaufsmöglichkeiten, kulinarischen und kulturellen Angeboten, der Bahnhof, die Natur des Steinbergs – kurz: eine Umgebung zum Wohlfühlen.</p>
<p>&nbsp;</p>
<p><strong><em>Baujahr:</em></strong></p>
<p>Das großzügige Wohnhaus wurde ca. im Jahr 1910 in klassischer Fachwerkbauweise errichtet, im Jahr 1997 grundlegend saniert, teilweise zurück- und umgebaut (z.B. Freilegung der Original-Stuckdecken) und in Eigentumswohnungen aufgeteilt. Nach einer umfangreichen Sanierung der stattlichen Fachwerk-Fassade im Jahr 2022 präsentiert sich das ansprechende Gebäude optisch und technisch von seiner besten Seite und bietet heute Raum für 8 sehr individuelle Wohneinheiten. Die kleine Eigentümergemeinschaft legt im eigenen Interesse viel Wert auf regelmäßige Instandhaltungsmaßnahmen, um auch langfristig ein angenehmes Wohngefühl zu gewährleisten. Die hier angebotene Wohnung im Erdgeschoss befindet sich in einem gepflegten Zustand und zeichnet sich aus durch einen vollkommen separaten Eingangsbereich und einem nahezu barrierefreien Zugang. Der private, ausschließlich dieser Wohnung zugeordnete Gartenbereich liegt direkt vor der eigenen Wohnungstür und bietet insbesondere in der warmen Jahreszeit viele Annehmlichkeiten.</p>
<p>&nbsp;</p>
<p><strong><em>Wohn- / Nutzfläche (ca.-Angaben):</em></strong></p>
<p>Ca. 118 m² Wohnfläche – 4 Zimmer – Küche – Tageslicht-Badezimmer – Gäste-Bad – Eingangsdiele – 2 Flure; zuzüglich überdachter Freisitz am Eingangsbereich ca. 12 m², privater Garten ca. 170 m², Kellerraum ca. 8,85 m²</p>
<p>&nbsp;</p>
<p><strong><em>Objektbeschreibung (Wohnung Nr. 1, Erdgeschoss): </em></strong></p>
<p>Der Weg zu dieser Wohnung führt bequem über einen gepflasterten Weg mit vier Steinstufen vorbei am kleinen Vorgarten, der sich auf der Südseite des Hauses erstreckt. Ein sehr gemütlicher, überdachter Sitzbereich, der aufgrund einer rustikalen Steinmauer beinahe einen „Burgcharakter“ aufweist, schützt den privaten Wohnungseingang vor Witterungseinflüssen. Sowohl der Vorgarten (ca. 70 m²) als auch der größere Außenbereich (ca. 100 m²) hinter dem Gebäude ist dieser Wohnung zur alleinigen Nutzung zugeordnet.</p>
<p>Eine geräumige, auf drei Seiten mit Fenstern versehene Eingangsdiele ist dem angrenzenden, gut 30 m² großen Wohnraum vorgelagert. Von hier über einen Zwischenflur sind das ebenfalls sehr große Schlafzimmer mit Stuckelementen an der Decke, das innenliegende Gäste-Bad mit Dusche sowie die Küche separat begehbar. Die Küche ist mit einer Einbauküche ausgestattet und verfügt ganz wunderbar über einen direkten Ausgang in den eigenen, rückseitigen Garten. Ein zweiter Flur verbindet die beiden kleineren Wohnräume sowie das Tageslichtbadezimmer mit den anderen Räumlichkeiten.</p>
<p>&nbsp;</p>
<p><strong><em>Heizung:</em></strong></p>
<p>Gas-Zentralheizung mit Warmwasser, Baujahr ca. 2007, Warmwasser-Speicher ca. 2019</p>
<p>Wert gemäß Energieverbrauchsausweis vom 26.08.2019: 114 kWh / (m²*a); D</p>
<p>&nbsp;</p>
<p><strong><em>Stellplatz:</em></strong></p>
<p>Auf einem öffentlichen Parkplatz seitlich des Grundstücks findet sich in der Regel ein Parkplatz für die Bewohner des Hauses.</p>
<p>&nbsp;</p>
<p><strong><em>Monatliche Kosten / Hausgeld (ca.-Angaben):</em></strong></p>
<p>525 € (Wirtschaftsplan 2025) inkl. Heizung, Wasser / Abwasser, Hausmeister, Müllabfuhr, Instandhaltungsrücklage, etc.; zzgl. Strom nach eigenem Verbrauch, Grundsteuer B ca. 25,50 € (Stand 2025)</p>
<p>Von den 525 € Hausgeld sind ca. 169 € (inkl. ca. 116 € Instandhaltungsrücklage) vom Eigentümer zu tragen und ca. 356 € sowie die Grundsteuer B auf einen eventuellen Mieter umlegbar.</p>
<p>&nbsp;</p>
<p><strong><em>Bemerkungen:</em></strong></p>
<p>Eine Wohnung wie diese ist eine seltene Gelegenheit: vier Wohnräume, zwei Bäder, ein fast ebenerdiger, separater Eingang, mit einem privaten Garten gesegnet, in sehr begehrter stadt- und naturnaher Lage! Sehr gern zeigen wir Ihnen diese besondere Immobilie persönlich bei einem unverbindlichen Termin nach Absprache.</p>
<p>&nbsp;</p>
<p>&nbsp;</p>
<p style="text-align: center;"><strong><em>Kaufpreis: 339.000 € VB </em></strong></p>
<p>&nbsp;</p>
<p>&nbsp;</p>
<p>Nachweis-/Vermittlungsprovision: netto 3,00 % vom Kaufpreis zzgl. der gesetzlichen MwSt. 19 % = 3,57 % verdient und fällig mit Abschluss eines notariellen Kaufvertrags, zahlbar vom Käufer. Wir haben einen entgeltpflichtigen Maklervertrag über den gleichen Provisionssatz mit dem Verkäufer geschlossen.</p>
<p>&nbsp;</p>
<p>Alle Angaben in unseren Angeboten sind ohne Gewähr, basieren ausschließlich auf Informationen Dritter und wurden nach bestem Wissen erteilt. Eine Haftung für die Richtigkeit, Vollständigkeit und Aktualität der Angaben kann daher von uns nicht übernommen werden. Alle Immobilienangebote sind freibleibend und vorbehaltlich Irrtümer, Zwischenverkauf oder –vermietung oder sonstiger Zwischenverwertung.</p>
<p>&nbsp;</p>
<p>&nbsp;</p>
<p>&nbsp;</p>

<p>Lage: In bevorzugter, stadtnaher Wohnlage am Steinberg „thront“ das imposante, ansprechend modernisierte Fachwerk-Gebäude oberhalb der vorbeiführenden Anwohnerstraße und bietet bereits vom Erdgeschoss und aus den Gärten schöne Ausblicke über die Stadt. In fußläufiger Entfernung liegen die lebendige Altstadt mit zahlreichen Einkaufsmöglichkeiten, kulinarischen und kulturellen Angeboten, der Bahnhof, die Natur des Steinbergs – kurz: eine Umgebung [&hellip;]</p>

Grundriss WE 1 Exposé
