{"id":3979,"date":"2026-03-11T13:15:57","date_gmt":"2026-03-11T12:15:57","guid":{"rendered":"https:\/\/www.bruenniger-hauk.de\/home\/?post_type=immobilie&#038;p=3979"},"modified":"2026-04-02T12:22:45","modified_gmt":"2026-04-02T10:22:45","slug":"ew0678","status":[],"type":"immobilie","link":"https:\/\/www.bruenniger-hauk.de\/home\/immobilie\/ew0678\/","title":{"rendered":"EW0678"},"content":{"rendered":"<p><strong><em>Lage:<\/em><\/strong><\/p>\n<p>In naturnaher Lage am Rande des Steinbergs und am Ende einer ruhigen Sackgasse befindet sich die hier angebotene Wohnung im obersten Geschoss einer Wohnanlage, bestehend aus zwei separaten, nahezu baugleichen H\u00e4usern mit jeweils neun individuellen Wohneinheiten auf einem 5.244 m\u00b2 gro\u00dfen Eigentums-Grundst\u00fcck in Hanglage. Das direkt angrenzende Naturschutzgebiet mit weitl\u00e4ufigen W\u00e4ldern und Wiesen bietet zahlreiche M\u00f6glichkeiten f\u00fcr entspannende Freizeitaktivit\u00e4ten. Die lebendige Innenstadt, der Bahnhof sowie zahlreiche Einkaufsm\u00f6glichkeiten sind fu\u00dfl\u00e4ufig in ca. 20 min erreichbar.<\/p>\n<p>&nbsp;<\/p>\n<p><strong><em>Baujahr:<\/em><\/strong><\/p>\n<p>Die Geb\u00e4ude wurden ca. im Jahr 1971 in architektonisch interessanter Massivbauweise errichtet und auf insgesamt 18 Eigentumswohnungen aufgeteilt, die von einer externen Hausverwaltung professionell verwaltet werden. Diese Wohnung ist die gr\u00f6\u00dfte im Haus und wurde ca. im Jahr 2001 f\u00fcr den Eigenbedarf hergerichtet und unter anderem mit neuen Fenstern sowie mit Kurbeln bedienbaren Au\u00dfenjalousien ausgestattet. Dies ist insbesondere angesichts der gro\u00dfen Fensterfronten im firsthohen Wohnraum ein wertvolles Extra. Das K\u00fcchenfenster wurde erst im Jahr 2025 erneuert. Neben den gro\u00dfen Giebelfenstern versorgen die f\u00fcnf Oberlichter (\u201eLichtband\u201c) den Galerieraum mit viel Tageslicht und sind bei Bedarf mit elektrischen Innenjalousien abzudunkeln.<\/p>\n<p>&nbsp;<\/p>\n<p><strong><em>Wohn- \/ Nutzfl\u00e4che (ca.-Angaben):<\/em><\/strong><\/p>\n<p>118 m\u00b2 Wohnfl\u00e4che \u2013 3 Zimmer \u2013 Galerie (ca. 18 m\u00b2) \u2013 K\u00fcche \u2013 Tageslichtbadezimmer mit separatem WC \u2013 Flur mit Abstellm\u00f6glichkeiten \u2013 Balkon (ca. 14,20 m\u00b2)<\/p>\n<p>Separater Abstellraum auf der Eingangsebene (Keller)<\/p>\n<p>&nbsp;<\/p>\n<p><strong><em>Objektbeschreibung (Wohnung Nr. 8, Obergeschoss): <\/em><\/strong><\/p>\n<p>Die gr\u00f6\u00dfte Wohnung des Hauses bietet einen L-f\u00f6rmigen Flurbereich mit Platz f\u00fcr die Garderobe und mehr, von dem alle R\u00e4ume separat begehbar sind: drei Zimmer (eines davon ist derzeit unterteilt in zwei R\u00e4ume), die K\u00fcche, das Badezimmer. Das \u201eHerz\u201c der Wohnung ist das firsthoch ausgebaute Wohnzimmer mit offener Treppe auf die Galerieebene, Sichtbalken und nahezu vollverglastem Giebel. Zus\u00e4tzlich ist von hier einer der beiden Ausg\u00e4nge auf den West-Balkon gegeben, der sich \u00fcber zwei Ebenen auf einer L\u00e4nge von knapp 13 m entlang der Wohnung erstreckt. Ein herrlicher Ausblick in die Natur ist von hier zu jeder Jahreszeit gegeben.<\/p>\n<p>Anmerkung: aufgrund der Hanglage sind sowohl zum Hauseingang als auch im Haus einige Stufen zu bew\u00e4ltigen; eine t\u00e4gliche Sport-Routine ist hier also gesichert und wird sogar belohnt mit weiten Aussichten und tageslichtverw\u00f6hnten R\u00e4umen!<\/p>\n<p>&nbsp;<\/p>\n<p><strong><em>Heizung:<\/em><\/strong><\/p>\n<p>Gas-Etagenheizung (installiert im vorderen Flurbereich)<\/p>\n<p>Wert gem\u00e4\u00df Energieverbrauchsausweis: 145 kWh \/ (m\u00b2*a); E<\/p>\n<p>&nbsp;<\/p>\n<p><strong><em>Stellplatz:<\/em><\/strong><\/p>\n<p>Gegen eine Mietpauschale in H\u00f6he von 40 \u20ac steht eine Garage direkt vor dem Haus zu Verf\u00fcgung. Nach R\u00fccksprache mit der Hausverwaltung und bei Verf\u00fcgbarkeit kann alternativ einer der angrenzenden, offenen Stellpl\u00e4tze kostenfrei genutzt werden.<\/p>\n<p>&nbsp;<\/p>\n<p><strong><em>Monatliche Kosten \/ Hausgeld (ca.-Angaben):<\/em><\/strong><\/p>\n<p>417 \u20ac inklusive Wasser, Gartenarbeiten, Winterdienst, Treppenhausreinigung, M\u00fcllabfuhr, R\u00fccklagenzuf\u00fchrung, etc.; zuz\u00fcglich Gas und Strom nach eigenem Verbrauch, Grundsteuer B<\/p>\n<p>Von den 417 \u20ac Hausgeld sind ca. 200 \u20ac (inkl. ca. 138 \u20ac Instandhaltungsr\u00fccklage) vom Eigent\u00fcmer zu tragen und ca. 217 \u20ac sowie die Grundsteuer B (ca. 32,30 \u20ac \/ Monat) auf einen eventuellen Mieter umlegbar.<\/p>\n<p>&nbsp;<\/p>\n<p><strong><em>Bemerkungen:<\/em><\/strong><\/p>\n<p>Eine au\u00dfergew\u00f6hnlich sch\u00f6ne Wohnung, die mit einem individuellen, gro\u00dfz\u00fcgigen Grundriss in ruhiger Umgebung begeistert. \u00dcberzeugen Sie sich selbst und vereinbaren Sie mit uns einen Termin vor Ort.<\/p>\n<p>&nbsp;<\/p>\n<p>&nbsp;<\/p>\n<p style=\"text-align: center;\"><strong><em>Kaufpreis: 169.000 \u20ac VB <\/em><\/strong><\/p>\n<p>&nbsp;<\/p>\n<p>&nbsp;<\/p>\n<p>Nachweis-\/Vermittlungsprovision: netto 3,00 % vom Kaufpreis zzgl. der gesetzlichen MwSt. 19 % = 3,57 % verdient und f\u00e4llig mit Abschluss eines notariellen Kaufvertrags, zahlbar vom K\u00e4ufer. Wir haben einen entgeltpflichtigen Maklervertrag \u00fcber den gleichen Provisionssatz mit dem Verk\u00e4ufer geschlossen.<\/p>\n<p>&nbsp;<\/p>\n<p>Alle Angaben in unseren Angeboten sind ohne Gew\u00e4hr, basieren ausschlie\u00dflich auf Informationen Dritter und wurden nach bestem Wissen erteilt. Eine Haftung f\u00fcr die Richtigkeit, Vollst\u00e4ndigkeit und Aktualit\u00e4t der Angaben kann daher von uns nicht \u00fcbernommen werden. Alle Immobilienangebote sind freibleibend und vorbehaltlich Irrt\u00fcmer, Zwischenverkauf oder \u2013vermietung oder sonstiger Zwischenverwertung.<\/p>\n<p>&nbsp;<\/p>\n<p>&nbsp;<\/p>\n","protected":false},"excerpt":{"rendered":"<p>Lage: In naturnaher Lage am Rande des Steinbergs und am Ende einer ruhigen Sackgasse befindet sich die hier angebotene Wohnung im obersten Geschoss einer Wohnanlage, bestehend aus zwei separaten, nahezu baugleichen H\u00e4usern mit jeweils neun individuellen Wohneinheiten auf einem 5.244 m\u00b2 gro\u00dfen Eigentums-Grundst\u00fcck in Hanglage. Das direkt angrenzende Naturschutzgebiet mit weitl\u00e4ufigen W\u00e4ldern und Wiesen bietet [&hellip;]<\/p>\n","protected":false},"featured_media":3980,"parent":0,"menu_order":0,"template":"","meta":[],"categories":[32],"tags":[],"angebot":[12],"objektarten":[25,8],"ort":[43],"vermarktungsart":[18],"class_list":["post-3979","immobilie","type-immobilie","status-publish","has-post-thumbnail","hentry","category-goslar-und-stadtteile","angebot-neu","objektarten-3-zimmer-wohnung-und-mehr","objektarten-eigentumswohnung","ort-38640_goslar_steinberg","has-post-title","has-post-date","has-post-category","has-post-tag","has-post-comment","has-post-author",""],"ptb_metabox":{"ptb_immobilie__ueberschrift":"Traumhafte 3-Zimmer-Galerie-Wohnung","ptb_immobilie_text_3":"Sehr ruhige, natur- und stadtnahe Lage","ptb_immobilie_preis":"169.000 \u20ac VB ","ptb_immobilie_bild_1":["3980","https:\/\/www.bruenniger-hauk.de\/home\/wp-content\/uploads\/2026\/03\/IMG_3528-Mittel.jpg"],"ptb_immobilie_bild_2":["3981","https:\/\/www.bruenniger-hauk.de\/home\/wp-content\/uploads\/2026\/03\/IMG_3540-Mittel.jpg"],"ptb_immobilie_gallerie":{"url":["https:\/\/www.bruenniger-hauk.de\/home\/wp-content\/uploads\/2026\/03\/IMG_3528-Mittel.jpg","https:\/\/www.bruenniger-hauk.de\/home\/wp-content\/uploads\/2026\/03\/IMG_3540-Mittel.jpg","https:\/\/www.bruenniger-hauk.de\/home\/wp-content\/uploads\/2026\/03\/IMG_3481-Mittel.jpg","https:\/\/www.bruenniger-hauk.de\/home\/wp-content\/uploads\/2026\/03\/IMG_2421-Mittel.jpg","https:\/\/www.bruenniger-hauk.de\/home\/wp-content\/uploads\/2026\/03\/IMG_2423-Mittel.jpg","https:\/\/www.bruenniger-hauk.de\/home\/wp-content\/uploads\/2026\/03\/IMG_2425-Mittel.jpg","https:\/\/www.bruenniger-hauk.de\/home\/wp-content\/uploads\/2026\/03\/IMG_3551-Mittel.jpg","https:\/\/www.bruenniger-hauk.de\/home\/wp-content\/uploads\/2026\/03\/IMG_3566-Mittel.jpg","https:\/\/www.bruenniger-hauk.de\/home\/wp-content\/uploads\/2026\/03\/IMG_2404-Mittel.jpg","https:\/\/www.bruenniger-hauk.de\/home\/wp-content\/uploads\/2026\/03\/IMG_2405-Mittel.jpg","https:\/\/www.bruenniger-hauk.de\/home\/wp-content\/uploads\/2026\/03\/IMG_2462-Mittel.jpg","https:\/\/www.bruenniger-hauk.de\/home\/wp-content\/uploads\/2026\/03\/IMG_2482-Mittel.jpg","https:\/\/www.bruenniger-hauk.de\/home\/wp-content\/uploads\/2026\/03\/IMG_2500-Mittel.jpg","https:\/\/www.bruenniger-hauk.de\/home\/wp-content\/uploads\/2026\/03\/IMG_2519-Mittel.jpg","https:\/\/www.bruenniger-hauk.de\/home\/wp-content\/uploads\/2026\/03\/IMG_3513-Mittel.jpg","https:\/\/www.bruenniger-hauk.de\/home\/wp-content\/uploads\/2026\/03\/IMG_3516-Mittel.jpg","https:\/\/www.bruenniger-hauk.de\/home\/wp-content\/uploads\/2026\/03\/Grundriss-Expose.jpg","https:\/\/www.bruenniger-hauk.de\/home\/wp-content\/uploads\/2026\/03\/Grundriss-Galerie-Expose.jpg"],"link":["","","","","","","","","","","","","","","","","",""],"title":["IMG_3528 (Mittel)","IMG_3540 (Mittel)","IMG_3481 (Mittel)","IMG_2421 (Mittel)","IMG_2423 (Mittel)","IMG_2425 (Mittel)","IMG_3551 (Mittel)","IMG_3566 (Mittel)","IMG_2404 (Mittel)","IMG_2405 (Mittel)","IMG_2462 (Mittel)","IMG_2482 (Mittel)","IMG_2500 (Mittel)","IMG_2519 (Mittel)","IMG_3513 (Mittel)","IMG_3516 (Mittel)","Grundriss Expos\u00e9","Grundriss Galerie Expos\u00e9"],"description":["","","","","","","","","","","","","","","","","",""]},"ptb_immobilie_pdf":{"url":["https:\/\/www.bruenniger-hauk.de\/home\/wp-content\/uploads\/2026\/03\/EW0678-Goslar-Steinberg.pdf"],"title":["EW0678 Goslar-Steinberg"]}},"ptb_taxonomy":{"category":[{"term_id":32,"name":"Goslar, Stadt- und Ortsteile","slug":"goslar-und-stadtteile","term_group":0,"term_taxonomy_id":32,"taxonomy":"category","description":"","parent":0,"count":25,"filter":"raw"}],"angebot":[{"term_id":12,"name":"NEU","slug":"neu","term_group":0,"term_taxonomy_id":12,"taxonomy":"angebot","description":"","parent":0,"count":12,"filter":"raw"}],"objektarten":[{"term_id":25,"name":"3-Zimmer Wohnung und mehr","slug":"3-zimmer-wohnung-und-mehr","term_group":0,"term_taxonomy_id":25,"taxonomy":"objektarten","description":"","parent":8,"count":8,"filter":"raw"},{"term_id":8,"name":"Eigentumswohnung","slug":"eigentumswohnung","term_group":0,"term_taxonomy_id":8,"taxonomy":"objektarten","description":"","parent":0,"count":9,"filter":"raw"}],"ort":[{"term_id":43,"name":"38640 Goslar - Steinberg","slug":"38640_goslar_steinberg","term_group":0,"term_taxonomy_id":43,"taxonomy":"ort","description":"","parent":0,"count":3,"filter":"raw"}],"vermarktungsart":[{"term_id":18,"name":"Verkauf","slug":"verkauf","term_group":0,"term_taxonomy_id":18,"taxonomy":"vermarktungsart","description":"","parent":0,"count":25,"filter":"raw"}]},"ptb_featured_image":{"url":"https:\/\/www.bruenniger-hauk.de\/home\/wp-content\/uploads\/2026\/03\/IMG_3528-Mittel.jpg","title":"IMG_3528 (Mittel)","caption":""},"_links":{"self":[{"href":"https:\/\/www.bruenniger-hauk.de\/home\/wp-json\/wp\/v2\/immobilie\/3979","targetHints":{"allow":["GET"]}}],"collection":[{"href":"https:\/\/www.bruenniger-hauk.de\/home\/wp-json\/wp\/v2\/immobilie"}],"about":[{"href":"https:\/\/www.bruenniger-hauk.de\/home\/wp-json\/wp\/v2\/types\/immobilie"}],"wp:featuredmedia":[{"embeddable":true,"href":"https:\/\/www.bruenniger-hauk.de\/home\/wp-json\/wp\/v2\/media\/3980"}],"wp:attachment":[{"href":"https:\/\/www.bruenniger-hauk.de\/home\/wp-json\/wp\/v2\/media?parent=3979"}],"wp:term":[{"taxonomy":"category","embeddable":true,"href":"https:\/\/www.bruenniger-hauk.de\/home\/wp-json\/wp\/v2\/categories?post=3979"},{"taxonomy":"post_tag","embeddable":true,"href":"https:\/\/www.bruenniger-hauk.de\/home\/wp-json\/wp\/v2\/tags?post=3979"},{"taxonomy":"angebot","embeddable":true,"href":"https:\/\/www.bruenniger-hauk.de\/home\/wp-json\/wp\/v2\/angebot?post=3979"},{"taxonomy":"objektarten","embeddable":true,"href":"https:\/\/www.bruenniger-hauk.de\/home\/wp-json\/wp\/v2\/objektarten?post=3979"},{"taxonomy":"ort","embeddable":true,"href":"https:\/\/www.bruenniger-hauk.de\/home\/wp-json\/wp\/v2\/ort?post=3979"},{"taxonomy":"status","embeddable":true,"href":"https:\/\/www.bruenniger-hauk.de\/home\/wp-json\/wp\/v2\/status?post=3979"},{"taxonomy":"vermarktungsart","embeddable":true,"href":"https:\/\/www.bruenniger-hauk.de\/home\/wp-json\/wp\/v2\/vermarktungsart?post=3979"}],"curies":[{"name":"wp","href":"https:\/\/api.w.org\/{rel}","templated":true}]}}

<p><strong><em>Lage:</em></strong></p>
<p>In naturnaher Lage am Rande des Steinbergs und am Ende einer ruhigen Sackgasse befindet sich die hier angebotene Wohnung im obersten Geschoss einer Wohnanlage, bestehend aus zwei separaten, nahezu baugleichen Häusern mit jeweils neun individuellen Wohneinheiten auf einem 5.244 m² großen Eigentums-Grundstück in Hanglage. Das direkt angrenzende Naturschutzgebiet mit weitläufigen Wäldern und Wiesen bietet zahlreiche Möglichkeiten für entspannende Freizeitaktivitäten. Die lebendige Innenstadt, der Bahnhof sowie zahlreiche Einkaufsmöglichkeiten sind fußläufig in ca. 20 min erreichbar.</p>
<p>&nbsp;</p>
<p><strong><em>Baujahr:</em></strong></p>
<p>Die Gebäude wurden ca. im Jahr 1971 in architektonisch interessanter Massivbauweise errichtet und auf insgesamt 18 Eigentumswohnungen aufgeteilt, die von einer externen Hausverwaltung professionell verwaltet werden. Diese Wohnung ist die größte im Haus und wurde ca. im Jahr 2001 für den Eigenbedarf hergerichtet und unter anderem mit neuen Fenstern sowie mit Kurbeln bedienbaren Außenjalousien ausgestattet. Dies ist insbesondere angesichts der großen Fensterfronten im firsthohen Wohnraum ein wertvolles Extra. Das Küchenfenster wurde erst im Jahr 2025 erneuert. Neben den großen Giebelfenstern versorgen die fünf Oberlichter („Lichtband“) den Galerieraum mit viel Tageslicht und sind bei Bedarf mit elektrischen Innenjalousien abzudunkeln.</p>
<p>&nbsp;</p>
<p><strong><em>Wohn- / Nutzfläche (ca.-Angaben):</em></strong></p>
<p>118 m² Wohnfläche – 3 Zimmer – Galerie (ca. 18 m²) – Küche – Tageslichtbadezimmer mit separatem WC – Flur mit Abstellmöglichkeiten – Balkon (ca. 14,20 m²)</p>
<p>Separater Abstellraum auf der Eingangsebene (Keller)</p>
<p>&nbsp;</p>
<p><strong><em>Objektbeschreibung (Wohnung Nr. 8, Obergeschoss): </em></strong></p>
<p>Die größte Wohnung des Hauses bietet einen L-förmigen Flurbereich mit Platz für die Garderobe und mehr, von dem alle Räume separat begehbar sind: drei Zimmer (eines davon ist derzeit unterteilt in zwei Räume), die Küche, das Badezimmer. Das „Herz“ der Wohnung ist das firsthoch ausgebaute Wohnzimmer mit offener Treppe auf die Galerieebene, Sichtbalken und nahezu vollverglastem Giebel. Zusätzlich ist von hier einer der beiden Ausgänge auf den West-Balkon gegeben, der sich über zwei Ebenen auf einer Länge von knapp 13 m entlang der Wohnung erstreckt. Ein herrlicher Ausblick in die Natur ist von hier zu jeder Jahreszeit gegeben.</p>
<p>Anmerkung: aufgrund der Hanglage sind sowohl zum Hauseingang als auch im Haus einige Stufen zu bewältigen; eine tägliche Sport-Routine ist hier also gesichert und wird sogar belohnt mit weiten Aussichten und tageslichtverwöhnten Räumen!</p>
<p>&nbsp;</p>
<p><strong><em>Heizung:</em></strong></p>
<p>Gas-Etagenheizung (installiert im vorderen Flurbereich)</p>
<p>Wert gemäß Energieverbrauchsausweis: 145 kWh / (m²*a); E</p>
<p>&nbsp;</p>
<p><strong><em>Stellplatz:</em></strong></p>
<p>Gegen eine Mietpauschale in Höhe von 40 € steht eine Garage direkt vor dem Haus zu Verfügung. Nach Rücksprache mit der Hausverwaltung und bei Verfügbarkeit kann alternativ einer der angrenzenden, offenen Stellplätze kostenfrei genutzt werden.</p>
<p>&nbsp;</p>
<p><strong><em>Monatliche Kosten / Hausgeld (ca.-Angaben):</em></strong></p>
<p>417 € inklusive Wasser, Gartenarbeiten, Winterdienst, Treppenhausreinigung, Müllabfuhr, Rücklagenzuführung, etc.; zuzüglich Gas und Strom nach eigenem Verbrauch, Grundsteuer B</p>
<p>Von den 417 € Hausgeld sind ca. 200 € (inkl. ca. 138 € Instandhaltungsrücklage) vom Eigentümer zu tragen und ca. 217 € sowie die Grundsteuer B (ca. 32,30 € / Monat) auf einen eventuellen Mieter umlegbar.</p>
<p>&nbsp;</p>
<p><strong><em>Bemerkungen:</em></strong></p>
<p>Eine außergewöhnlich schöne Wohnung, die mit einem individuellen, großzügigen Grundriss in ruhiger Umgebung begeistert. Überzeugen Sie sich selbst und vereinbaren Sie mit uns einen Termin vor Ort.</p>
<p>&nbsp;</p>
<p>&nbsp;</p>
<p style="text-align: center;"><strong><em>Kaufpreis: 169.000 € VB </em></strong></p>
<p>&nbsp;</p>
<p>&nbsp;</p>
<p>Nachweis-/Vermittlungsprovision: netto 3,00 % vom Kaufpreis zzgl. der gesetzlichen MwSt. 19 % = 3,57 % verdient und fällig mit Abschluss eines notariellen Kaufvertrags, zahlbar vom Käufer. Wir haben einen entgeltpflichtigen Maklervertrag über den gleichen Provisionssatz mit dem Verkäufer geschlossen.</p>
<p>&nbsp;</p>
<p>Alle Angaben in unseren Angeboten sind ohne Gewähr, basieren ausschließlich auf Informationen Dritter und wurden nach bestem Wissen erteilt. Eine Haftung für die Richtigkeit, Vollständigkeit und Aktualität der Angaben kann daher von uns nicht übernommen werden. Alle Immobilienangebote sind freibleibend und vorbehaltlich Irrtümer, Zwischenverkauf oder –vermietung oder sonstiger Zwischenverwertung.</p>
<p>&nbsp;</p>
<p>&nbsp;</p>

<p>Lage: In naturnaher Lage am Rande des Steinbergs und am Ende einer ruhigen Sackgasse befindet sich die hier angebotene Wohnung im obersten Geschoss einer Wohnanlage, bestehend aus zwei separaten, nahezu baugleichen Häusern mit jeweils neun individuellen Wohneinheiten auf einem 5.244 m² großen Eigentums-Grundstück in Hanglage. Das direkt angrenzende Naturschutzgebiet mit weitläufigen Wäldern und Wiesen bietet [&hellip;]</p>

Grundriss Exposé

Grundriss Galerie Exposé
