{"id":4589,"date":"2026-08-27T15:01:14","date_gmt":"2026-08-27T13:01:14","guid":{"rendered":"https:\/\/www.bruenniger-hauk.de\/home\/?post_type=immobilie&#038;p=4589"},"modified":"2026-08-27T15:01:14","modified_gmt":"2026-08-27T13:01:14","slug":"ew0689","status":[],"type":"immobilie","link":"https:\/\/www.bruenniger-hauk.de\/home\/immobilie\/ew0689\/","title":{"rendered":"EW0689"},"content":{"rendered":"<p><strong><em>Lage:<\/em><\/strong><\/p>\n<p>Die hier angebotene Wohnung befindet sich im ersten Obergeschoss einer gepflegten Wohnanlage in zentraler Lage des Goslarer Stadtteils J\u00fcrgenohl, nur wenige Schritte vom Marktplatz und dem neuen Stadtteil Fliegerhorst entfernt. Entsprechend ist hier eine sehr gute Infrastruktur mit Superm\u00e4rkten, Restaurants, \u00c4rzteh\u00e4usern, Kinderg\u00e4rten und vielem mehr gegeben. Die Altstadt von Goslar ist mit dem \u00f6ffentlichen Nahverkehr bestens erreichbar. Eine gute, komfortable Lage, die ein angenehmes Leben erm\u00f6glicht.<\/p>\n<p>&nbsp;<\/p>\n<p><strong><em>Baujahr:<\/em><\/strong><\/p>\n<p>Die zwei Geb\u00e4ude bestehend aus jeweils drei zusammenh\u00e4ngenden H\u00e4usern \u00e0 6 Wohneinheiten wurden ca. im Jahr 1960 auf einem 5.586 m\u00b2 gro\u00dfen Erbpachtgrundst\u00fcck errichtet. Im Jahr 1990 erfolgte die Aufteilung in 36 separate Eigentumswohneinheiten, die von einer externen Hausverwaltung professionell abgerechnet und auch bautechnisch betreut werden.<\/p>\n<p>Die hier angebotene Wohnung war zuletzt langj\u00e4hrig vermietet und bedarf entsprechend einer grundlegenden Modernisierung (Elektrik, Bad, Fu\u00dfb\u00f6den, etc.) nach eigenen Vorstellungen. Die neuen Eigent\u00fcmer d\u00fcrfen sich jedoch \u00fcber die modernen, 3-fach verglasten Fenster und Terrassent\u00fcren freuen, die erst vor ca. einem Jahr erneuert wurden und per Sonderumlage bereits vollst\u00e4ndig bezahlt sind.<\/p>\n<p>&nbsp;<\/p>\n<p><strong><em>Wohn- \/ Nutzfl\u00e4che (ca.-Angaben):<\/em><\/strong><\/p>\n<p>61 m\u00b2 Wohnfl\u00e4che \u2013 3 Zimmer \u2013 K\u00fcche (ohne EBK) \u2013 Tageslichtbadezimmer \u2013 Flur \u2013 Balkon (ca. 6,40 m\u00b2 zu 25 % angerechnet); zzgl. separater Kellerraum mit Stromanschluss (ca. 6,80 m\u00b2)<\/p>\n<p>Gemeinschaftliche Nutzung: Fahrradkeller, Trockenkeller<\/p>\n<p>&nbsp;<\/p>\n<p><strong><em>Objektbeschreibung (Wohnung Nr. 3, 1. OG li): <\/em><\/strong><\/p>\n<p>Die Wohnung befindet sich in der 1. Etage, ist bereits komplett ger\u00e4umt und kann nach eigenen W\u00fcnschen modern gestaltet werden. Der klassische, beliebte Grundriss bietet drei separat begehbare Zimmer, eine K\u00fcche und ein Badezimmer mit Au\u00dfenfenster. Besonders sch\u00f6n ist der nach Westen ausgerichtete Balkon, der sowohl vom Wohnzimmer als auch vom Schlafzimmer aus begehbar ist.<\/p>\n<p>&nbsp;<\/p>\n<p><strong><em>Heizung:<\/em><\/strong><\/p>\n<p>Gas-Zentralheizung, Baujahr ca. 2013<\/p>\n<p>Wert gem\u00e4\u00df Energieverbrauchsausweis vom 15.11.2019: 116 kWh \/ (m\u00b2*a); D<\/p>\n<p>Hinweis: Der Energieausweis wurde <u>vor<\/u> dem Einbau der 3-fach verglasten Fenster im Jahr 2025 erstellt; entsprechend ist heute von einem besseren Wert auszugehen.<\/p>\n<p>&nbsp;<\/p>\n<p><strong><em>Fuhrpark:<\/em><\/strong><\/p>\n<p>Auf beiden Seiten des Grundst\u00fccks befinden sich insgesamt 12 Parkpl\u00e4tze, die von allen Bewohnern genutzt werden k\u00f6nnen und keinen einzelnen Wohnungen zugeordnet sind.<\/p>\n<p>&nbsp;<\/p>\n<p><strong><em>Monatliche Kosten \/ Hausgeld (ca.-Angaben):<\/em><\/strong><\/p>\n<p>Wirtschaftsplan 2026:<\/p>\n<p>355 \u20ac inkl. Heizung \/ Warmwasser, M\u00fcllabfuhr, Gartenpflege, Hausreinigung, R\u00fccklagenzuf\u00fchrung, etc.; zuz\u00fcglich Strom und Wasser \/ Abwasser nach eigenem Verbrauch, Grundsteuer B ca. 9,68 \u20ac, Erbpacht 15,67 \u20ac (nicht umlegbar) seit 2019, Laufzeit Erbbauvertrag bis 31.03.2039. \u00dcber eine vorzeitige Verl\u00e4ngerung des Erbbauvertrages wird derzeit diskutiert.<\/p>\n<p>Die 355 \u20ac Hausgeld setzen sich zusammen aus ca. 121 \u20ac (inkl. ca. 90 \u20ac R\u00fccklagenzuf\u00fchrung) und der Erbpacht als nicht umlegbare Kosten sowie aus ca. 234 \u20ac und der Grundsteuer B als umlegbare Kosten.<\/p>\n<p>&nbsp;<\/p>\n<p><strong><em>Bemerkungen:<\/em><\/strong><\/p>\n<p>Eine zum Vermieten oder Selbstnutzen geeignete Wohnung, die aufgrund der Lage nahe zahlreicher Einkaufsm\u00f6glichkeiten, \u00c4rzten, dem Krankenhaus und vielem mehr immer wieder nachgefragt wird. Gern zeigen wir Ihnen diese Immobilie pers\u00f6nlich.<\/p>\n<p>&nbsp;<\/p>\n<p>&nbsp;<\/p>\n<p style=\"text-align: center;\"><strong><em>Kaufpreis: 67.000 \u20ac VB <\/em><\/strong><\/p>\n<p>&nbsp;<\/p>\n<p>&nbsp;<\/p>\n<p>Nachweis-\/Vermittlungsprovision: netto 3,00 % vom Kaufpreis zzgl. der gesetzlichen MwSt. 19 % = 3,57 % verdient und f\u00e4llig mit Abschluss eines notariellen Kaufvertrags, zahlbar vom K\u00e4ufer. Wir haben einen entgeltpflichtigen Maklervertrag \u00fcber den gleichen Provisionssatz mit dem Verk\u00e4ufer geschlossen.<\/p>\n<p>&nbsp;<\/p>\n<p>Alle Angaben in unseren Angeboten sind ohne Gew\u00e4hr, basieren ausschlie\u00dflich auf Informationen Dritter und wurden nach bestem Wissen erteilt. Eine Haftung f\u00fcr die Richtigkeit, Vollst\u00e4ndigkeit und Aktualit\u00e4t der Angaben kann daher von uns nicht \u00fcbernommen werden. Alle Immobilienangebote sind freibleibend und vorbehaltlich Irrt\u00fcmer, Zwischenverkauf oder \u2013vermietung oder sonstiger Zwischenverwertung.<\/p>\n<p>&nbsp;<\/p>\n<p>&nbsp;<\/p>\n","protected":false},"excerpt":{"rendered":"<p>Lage: Die hier angebotene Wohnung befindet sich im ersten Obergeschoss einer gepflegten Wohnanlage in zentraler Lage des Goslarer Stadtteils J\u00fcrgenohl, nur wenige Schritte vom Marktplatz und dem neuen Stadtteil Fliegerhorst entfernt. Entsprechend ist hier eine sehr gute Infrastruktur mit Superm\u00e4rkten, Restaurants, \u00c4rzteh\u00e4usern, Kinderg\u00e4rten und vielem mehr gegeben. Die Altstadt von Goslar ist mit dem \u00f6ffentlichen [&hellip;]<\/p>\n","protected":false},"featured_media":4601,"parent":0,"menu_order":0,"template":"","meta":[],"categories":[32],"tags":[],"angebot":[12],"objektarten":[25,8],"ort":[45],"vermarktungsart":[18],"class_list":["post-4589","immobilie","type-immobilie","status-publish","has-post-thumbnail","hentry","category-goslar-und-stadtteile","angebot-neu","objektarten-3-zimmer-wohnung-und-mehr","objektarten-eigentumswohnung","ort-38642_goslar_juergenohl","has-post-title","has-post-date","has-post-category","has-post-tag","has-post-comment","has-post-author",""],"ptb_metabox":{"ptb_immobilie__ueberschrift":"Leerstehende 3-Zimmer-Wohnung mit Balkon","ptb_immobilie_text_3":"Bereit f\u00fcr die Modernisierung!","ptb_immobilie_preis":"67.000 \u20ac VB","ptb_immobilie_bild_1":["4590","https:\/\/www.bruenniger-hauk.de\/home\/wp-content\/uploads\/2026\/08\/IMG_8597-Mittel.jpg"],"ptb_immobilie_bild_2":["4591","https:\/\/www.bruenniger-hauk.de\/home\/wp-content\/uploads\/2026\/08\/IMG_8561-Mittel.jpg"],"ptb_immobilie_gallerie":{"url":["https:\/\/www.bruenniger-hauk.de\/home\/wp-content\/uploads\/2026\/08\/IMG_8597-Mittel.jpg","https:\/\/www.bruenniger-hauk.de\/home\/wp-content\/uploads\/2026\/08\/IMG_8561-Mittel.jpg","https:\/\/www.bruenniger-hauk.de\/home\/wp-content\/uploads\/2026\/08\/IMG_8590-Mittel.jpg","https:\/\/www.bruenniger-hauk.de\/home\/wp-content\/uploads\/2026\/08\/IMG_8508-Mittel.jpg","https:\/\/www.bruenniger-hauk.de\/home\/wp-content\/uploads\/2026\/08\/IMG_8513-Mittel.jpg","https:\/\/www.bruenniger-hauk.de\/home\/wp-content\/uploads\/2026\/08\/IMG_8548-Mittel.jpg","https:\/\/www.bruenniger-hauk.de\/home\/wp-content\/uploads\/2026\/08\/IMG_8537-Mittel.jpg","https:\/\/www.bruenniger-hauk.de\/home\/wp-content\/uploads\/2026\/08\/IMG_8540-Mittel.jpg","https:\/\/www.bruenniger-hauk.de\/home\/wp-content\/uploads\/2026\/08\/IMG_8499-Mittel.jpg","https:\/\/www.bruenniger-hauk.de\/home\/wp-content\/uploads\/2026\/08\/IMG_8493-Mittel.jpg","https:\/\/www.bruenniger-hauk.de\/home\/wp-content\/uploads\/2026\/08\/IMG_8488-Mittel.jpg","https:\/\/www.bruenniger-hauk.de\/home\/wp-content\/uploads\/2026\/08\/IMG_8606-Mittel.jpg","https:\/\/www.bruenniger-hauk.de\/home\/wp-content\/uploads\/2026\/08\/Grundriss-WE-3-Expose.jpg"],"link":["","","","","","","","","","","","",""],"title":["IMG_8597 (Mittel)","IMG_8561 (Mittel)","IMG_8590 (Mittel)","IMG_8508 (Mittel)","IMG_8513 (Mittel)","IMG_8548 (Mittel)","IMG_8537 (Mittel)","IMG_8540 (Mittel)","IMG_8499 (Mittel)","IMG_8493 (Mittel)","IMG_8488 (Mittel)","IMG_8606 (Mittel)","Grundriss WE 3 Expos\u00e9"],"description":["","","","","","","","","","","","",""]},"ptb_immobilie_pdf":{"url":["https:\/\/www.bruenniger-hauk.de\/home\/wp-content\/uploads\/2026\/08\/EW0689-Marienburgerstrasse-38-Goslar.pdf"],"title":["EW0689 Marienburgerstra\u00dfe 38 Goslar"]}},"ptb_taxonomy":{"category":[{"term_id":32,"name":"Goslar, Stadt- und Ortsteile","slug":"goslar-und-stadtteile","term_group":0,"term_taxonomy_id":32,"taxonomy":"category","description":"","parent":0,"count":29,"filter":"raw"}],"angebot":[{"term_id":12,"name":"NEU","slug":"neu","term_group":0,"term_taxonomy_id":12,"taxonomy":"angebot","description":"","parent":0,"count":8,"filter":"raw"}],"objektarten":[{"term_id":25,"name":"3-Zimmer Wohnung und mehr","slug":"3-zimmer-wohnung-und-mehr","term_group":0,"term_taxonomy_id":25,"taxonomy":"objektarten","description":"","parent":8,"count":12,"filter":"raw"},{"term_id":8,"name":"Eigentumswohnung","slug":"eigentumswohnung","term_group":0,"term_taxonomy_id":8,"taxonomy":"objektarten","description":"","parent":0,"count":14,"filter":"raw"}],"ort":[{"term_id":45,"name":"38642 Goslar - J\u00fcrgenohl","slug":"38642_goslar_juergenohl","term_group":0,"term_taxonomy_id":45,"taxonomy":"ort","description":"","parent":0,"count":7,"filter":"raw"}],"vermarktungsart":[{"term_id":18,"name":"Verkauf","slug":"verkauf","term_group":0,"term_taxonomy_id":18,"taxonomy":"vermarktungsart","description":"","parent":0,"count":29,"filter":"raw"}]},"ptb_featured_image":{"url":"https:\/\/www.bruenniger-hauk.de\/home\/wp-content\/uploads\/2026\/08\/IMG_8606-Mittel.jpg","title":"IMG_8606 (Mittel)","caption":""},"_links":{"self":[{"href":"https:\/\/www.bruenniger-hauk.de\/home\/wp-json\/wp\/v2\/immobilie\/4589","targetHints":{"allow":["GET"]}}],"collection":[{"href":"https:\/\/www.bruenniger-hauk.de\/home\/wp-json\/wp\/v2\/immobilie"}],"about":[{"href":"https:\/\/www.bruenniger-hauk.de\/home\/wp-json\/wp\/v2\/types\/immobilie"}],"wp:featuredmedia":[{"embeddable":true,"href":"https:\/\/www.bruenniger-hauk.de\/home\/wp-json\/wp\/v2\/media\/4601"}],"wp:attachment":[{"href":"https:\/\/www.bruenniger-hauk.de\/home\/wp-json\/wp\/v2\/media?parent=4589"}],"wp:term":[{"taxonomy":"category","embeddable":true,"href":"https:\/\/www.bruenniger-hauk.de\/home\/wp-json\/wp\/v2\/categories?post=4589"},{"taxonomy":"post_tag","embeddable":true,"href":"https:\/\/www.bruenniger-hauk.de\/home\/wp-json\/wp\/v2\/tags?post=4589"},{"taxonomy":"angebot","embeddable":true,"href":"https:\/\/www.bruenniger-hauk.de\/home\/wp-json\/wp\/v2\/angebot?post=4589"},{"taxonomy":"objektarten","embeddable":true,"href":"https:\/\/www.bruenniger-hauk.de\/home\/wp-json\/wp\/v2\/objektarten?post=4589"},{"taxonomy":"ort","embeddable":true,"href":"https:\/\/www.bruenniger-hauk.de\/home\/wp-json\/wp\/v2\/ort?post=4589"},{"taxonomy":"status","embeddable":true,"href":"https:\/\/www.bruenniger-hauk.de\/home\/wp-json\/wp\/v2\/status?post=4589"},{"taxonomy":"vermarktungsart","embeddable":true,"href":"https:\/\/www.bruenniger-hauk.de\/home\/wp-json\/wp\/v2\/vermarktungsart?post=4589"}],"curies":[{"name":"wp","href":"https:\/\/api.w.org\/{rel}","templated":true}]}}

<p><strong><em>Lage:</em></strong></p>
<p>Die hier angebotene Wohnung befindet sich im ersten Obergeschoss einer gepflegten Wohnanlage in zentraler Lage des Goslarer Stadtteils Jürgenohl, nur wenige Schritte vom Marktplatz und dem neuen Stadtteil Fliegerhorst entfernt. Entsprechend ist hier eine sehr gute Infrastruktur mit Supermärkten, Restaurants, Ärztehäusern, Kindergärten und vielem mehr gegeben. Die Altstadt von Goslar ist mit dem öffentlichen Nahverkehr bestens erreichbar. Eine gute, komfortable Lage, die ein angenehmes Leben ermöglicht.</p>
<p>&nbsp;</p>
<p><strong><em>Baujahr:</em></strong></p>
<p>Die zwei Gebäude bestehend aus jeweils drei zusammenhängenden Häusern à 6 Wohneinheiten wurden ca. im Jahr 1960 auf einem 5.586 m² großen Erbpachtgrundstück errichtet. Im Jahr 1990 erfolgte die Aufteilung in 36 separate Eigentumswohneinheiten, die von einer externen Hausverwaltung professionell abgerechnet und auch bautechnisch betreut werden.</p>
<p>Die hier angebotene Wohnung war zuletzt langjährig vermietet und bedarf entsprechend einer grundlegenden Modernisierung (Elektrik, Bad, Fußböden, etc.) nach eigenen Vorstellungen. Die neuen Eigentümer dürfen sich jedoch über die modernen, 3-fach verglasten Fenster und Terrassentüren freuen, die erst vor ca. einem Jahr erneuert wurden und per Sonderumlage bereits vollständig bezahlt sind.</p>
<p>&nbsp;</p>
<p><strong><em>Wohn- / Nutzfläche (ca.-Angaben):</em></strong></p>
<p>61 m² Wohnfläche – 3 Zimmer – Küche (ohne EBK) – Tageslichtbadezimmer – Flur – Balkon (ca. 6,40 m² zu 25 % angerechnet); zzgl. separater Kellerraum mit Stromanschluss (ca. 6,80 m²)</p>
<p>Gemeinschaftliche Nutzung: Fahrradkeller, Trockenkeller</p>
<p>&nbsp;</p>
<p><strong><em>Objektbeschreibung (Wohnung Nr. 3, 1. OG li): </em></strong></p>
<p>Die Wohnung befindet sich in der 1. Etage, ist bereits komplett geräumt und kann nach eigenen Wünschen modern gestaltet werden. Der klassische, beliebte Grundriss bietet drei separat begehbare Zimmer, eine Küche und ein Badezimmer mit Außenfenster. Besonders schön ist der nach Westen ausgerichtete Balkon, der sowohl vom Wohnzimmer als auch vom Schlafzimmer aus begehbar ist.</p>
<p>&nbsp;</p>
<p><strong><em>Heizung:</em></strong></p>
<p>Gas-Zentralheizung, Baujahr ca. 2013</p>
<p>Wert gemäß Energieverbrauchsausweis vom 15.11.2019: 116 kWh / (m²*a); D</p>
<p>Hinweis: Der Energieausweis wurde <u>vor</u> dem Einbau der 3-fach verglasten Fenster im Jahr 2025 erstellt; entsprechend ist heute von einem besseren Wert auszugehen.</p>
<p>&nbsp;</p>
<p><strong><em>Fuhrpark:</em></strong></p>
<p>Auf beiden Seiten des Grundstücks befinden sich insgesamt 12 Parkplätze, die von allen Bewohnern genutzt werden können und keinen einzelnen Wohnungen zugeordnet sind.</p>
<p>&nbsp;</p>
<p><strong><em>Monatliche Kosten / Hausgeld (ca.-Angaben):</em></strong></p>
<p>Wirtschaftsplan 2026:</p>
<p>355 € inkl. Heizung / Warmwasser, Müllabfuhr, Gartenpflege, Hausreinigung, Rücklagenzuführung, etc.; zuzüglich Strom und Wasser / Abwasser nach eigenem Verbrauch, Grundsteuer B ca. 9,68 €, Erbpacht 15,67 € (nicht umlegbar) seit 2019, Laufzeit Erbbauvertrag bis 31.03.2039. Über eine vorzeitige Verlängerung des Erbbauvertrages wird derzeit diskutiert.</p>
<p>Die 355 € Hausgeld setzen sich zusammen aus ca. 121 € (inkl. ca. 90 € Rücklagenzuführung) und der Erbpacht als nicht umlegbare Kosten sowie aus ca. 234 € und der Grundsteuer B als umlegbare Kosten.</p>
<p>&nbsp;</p>
<p><strong><em>Bemerkungen:</em></strong></p>
<p>Eine zum Vermieten oder Selbstnutzen geeignete Wohnung, die aufgrund der Lage nahe zahlreicher Einkaufsmöglichkeiten, Ärzten, dem Krankenhaus und vielem mehr immer wieder nachgefragt wird. Gern zeigen wir Ihnen diese Immobilie persönlich.</p>
<p>&nbsp;</p>
<p>&nbsp;</p>
<p style="text-align: center;"><strong><em>Kaufpreis: 67.000 € VB </em></strong></p>
<p>&nbsp;</p>
<p>&nbsp;</p>
<p>Nachweis-/Vermittlungsprovision: netto 3,00 % vom Kaufpreis zzgl. der gesetzlichen MwSt. 19 % = 3,57 % verdient und fällig mit Abschluss eines notariellen Kaufvertrags, zahlbar vom Käufer. Wir haben einen entgeltpflichtigen Maklervertrag über den gleichen Provisionssatz mit dem Verkäufer geschlossen.</p>
<p>&nbsp;</p>
<p>Alle Angaben in unseren Angeboten sind ohne Gewähr, basieren ausschließlich auf Informationen Dritter und wurden nach bestem Wissen erteilt. Eine Haftung für die Richtigkeit, Vollständigkeit und Aktualität der Angaben kann daher von uns nicht übernommen werden. Alle Immobilienangebote sind freibleibend und vorbehaltlich Irrtümer, Zwischenverkauf oder –vermietung oder sonstiger Zwischenverwertung.</p>
<p>&nbsp;</p>
<p>&nbsp;</p>

<p>Lage: Die hier angebotene Wohnung befindet sich im ersten Obergeschoss einer gepflegten Wohnanlage in zentraler Lage des Goslarer Stadtteils Jürgenohl, nur wenige Schritte vom Marktplatz und dem neuen Stadtteil Fliegerhorst entfernt. Entsprechend ist hier eine sehr gute Infrastruktur mit Supermärkten, Restaurants, Ärztehäusern, Kindergärten und vielem mehr gegeben. Die Altstadt von Goslar ist mit dem öffentlichen [&hellip;]</p>

Bereit für die Modernisierung!

Grundriss WE 3 Exposé

EW0689 Marienburgerstraße 38 Goslar

38642 Goslar - Jürgenohl
